True
Is 7169 a multiple of 83?
False
Is 13 a factor of 3120?
True
Does 9 divide 13381?
False
Is 7 a factor of 2288?
False
Does 98 divide 1176?
True
Does 14 divide 5281?
False
Does 39 divide 712?
False
Is 12 a factor of 1632?
True
Is 86 a multiple of 5?
False
Does 50 divide 2100?
True
Is 29500 a multiple of 100?
True
Is 2950 a multiple of 25?
True
Is 3 a factor of 1554?
True
Does 4 divide 1255?
False
Does 18 divide 1548?
True
Does 143 divide 1859?
True
Is 3940 a multiple of 10?
True
Is 46 a factor of 801?
False
Is 4732 a multiple of 2?
True
Is 140 a multiple of 7?
True
Does 10 divide 914?
False
Is 72 a multiple of 2?
True
Is 4507 a multiple of 33?
False
Is 559 a multiple of 13?
True
Is 1890 a multiple of 42?
True
Does 58 divide 1260?
False
Is 1722 a multiple of 14?
True
Is 129 a factor of 8127?
True
Is 9 a factor of 81?
True
Does 67 divide 10653?
True
Is 6669 a multiple of 171?
True
Is 1218 a multiple of 87?
True
Does 6 divide 8178?
True
Is 20 a factor of 12471?
False
Does 33 divide 12406?
False
Does 57 divide 5871?
True
Is 15 a factor of 3026?
False
Is 50256 a multiple of 8?
True
Does 4 divide 2448?
True
Does 13 divide 44629?
True
Is 33 a factor of 759?
True
Is 10 a factor of 15003?
False
Does 43 divide 213320?
False
Does 187 divide 32984?
False
Does 58 divide 32807?
False
Is 1106 even?
True
Is 84 a multiple of 6?
True
Is 47 a factor of 11750?
True
Is 1641 a multiple of 2?
False
Is 33157 a multiple of 10?
False
Is 10 a factor of 598?
False
Is 3740 a multiple of 3?
False
Is 16613 a multiple of 53?
False
Does 29 divide 3696?
False
Is 13 a factor of 7592?
True
Does 4 divide 1142?
False
Is 96 a multiple of 16?
True
Is 836 a multiple of 38?
True
Is 4 a factor of 1802?
False
Does 5 divide 1635?
True
Is 12 a factor of 4752?
True
Is 9 a factor of 1322?
False
Does 19 divide 183?
False
Is 152 a factor of 13984?
True
Is 11 a factor of 1331?
True
Is 1045 even?
False
Is 21 a factor of 1260?
True
Is 870 a multiple of 10?
True
Is 168 a factor of 55944?
True
Does 6 divide 654?
True
Does 57 divide 1599?
False
Does 15 divide 457?
False
Is 955 a multiple of 5?
True
Does 9 divide 646?
False
Is 31 a factor of 8756?
False
Is 6 a factor of 3726?
True
Is 1808 a multiple of 11?
False
Does 37 divide 55?
False
Is 67 a factor of 43349?
True
Is 24 a factor of 2958?
False
Is 2547 a multiple of 23?
False
Is 940 a multiple of 4?
True
Is 34804 a multiple of 154?
True
Does 28 divide 3055?
False
Does 31 divide 2790?
True
Is 7988 a multiple of 11?
False
Does 32 divide 420?
False
Is 78 a factor of 3137?
False
Is 193 a factor of 10792?
False
Is 40 a factor of 2000?
True
Is 12 a factor of 7008?
True
Is 44 a factor of 792?
True
Is 13 a factor of 585?
True
Is 6 a factor of 30717?
False
Is 920 a multiple of 8?
True
Is 48 a factor of 53767?
False
Does 59 divide 868?
False
Is 4073 a multiple of 22?
False
Does 6 divide 728?
False
Is 1143 a multiple of 8?
False
Is 137 a multiple of 3?
False
Does 16 divide 2272?
True
Is 18 a factor of 1302?
False
Does 25 divide 3737?
False
Does 12 divide 132?
True
Is 61 a factor of 1115?
False
Is 2392 a multiple of 26?
True
Does 8 divide 11129?
False
Is 8 a factor of 8192?
True
Does 17 divide 1636?
False
Is 1224 a multiple of 11?
False
Is 612 a multiple of 52?
False
Is 3300 a multiple of 39?
False
Is 659 a multiple of 12?
False
Does 64 divide 18176?
True
Does 10 divide 6090?
True
Is 33 a factor of 1530?
False
Is 33 a factor of 14487?
True
Is 2388 a multiple of 6?
True
Is 84 a factor of 8904?
True
Is 27 a factor of 7803?
True
Is 10 a factor of 250?
True
Is 488 a multiple of 4?
True
Does 7 divide 3897?
False
Does 20 divide 7958?
False
Is 43 a factor of 817?
True
Is 2421 a multiple of 12?
False
Is 23 a factor of 66?
False
Is 187 a factor of 54567?
False
Does 6 divide 9085?
False
Is 11 a factor of 1060?
False
Is 58 a factor of 2062?
False
Is 848 a multiple of 53?
True
Is 3654 a multiple of 6?
True
Does 12 divide 7670?
False
Is 1092 a multiple of 26?
True
Does 11 divide 22050?
False
Is 144 a multiple of 18?
True
Does 10 divide 61655?
False
Does 31 divide 1953?
True
Is 6356 a multiple of 12?
False
Does 19 divide 627?
True
Is 7 a factor of 1456?
True
Is 9 a factor of 308?
False
Is 10 a factor of 626?
False
Does 127 divide 91740?
False
Is 1700 a multiple of 50?
True
Is 345 a factor of 48073?
False
Does 5 divide 321?
False
Is 306 a factor of 9180?
True
Is 1457 a multiple of 39?
False
Is 53818 a multiple of 21?
False
Does 2 divide 11319?
False
Does 46 divide 440?
False
Does 45 divide 495?
True
Is 275 a multiple of 10?
False
Does 13 divide 1235?
True
Is 541 a multiple of 3?
False
Does 9 divide 93222?
True
Is 10 a factor of 240?
True
Does 32 divide 21472?
True
Is 12 a factor of 6528?
True
Does 22 divide 9966?
True
Does 16 divide 656?
True
Is 18 a factor of 2286?
True
Is 4490 a multiple of 148?
False
Does 6 divide 2411?
False
Does 13 divide 1132?
False
Is 977 a multiple of 30?
False
Does 8 divide 4020?
False
Does 36 divide 3540?
False
Is 138 a factor of 5868?
False
Does 12 divide 192?
True
Is 5084 a multiple of 25?
False
Does 80 divide 11605?
False
Does 28 divide 626?
False
Is 7229 a multiple of 2?
False
Is 5352 a multiple of 139?
False
Is 898 a multiple of 14?
False
Is 62830 a multiple of 46?
False
Is 15609 a multiple of 129?
True
Is 8 a factor of 680?
True
Does 17 divide 615?
False
Does 46 divide 35513?
False
Does 101 divide 2778?
False
Is 38781 a multiple of 51?
False
Is 11091 a multiple of 46?
False
Is 36 a factor of 2988?
True
Is 17484 a multiple of 24?
False
Does 7 divide 56?
True
Is 1261 a multiple of 19?
False
Is 9310 a multiple of 14?
True
Does 10 divide 891?
False
Does 15 divide 1560?
True
Does 23 divide 751?
False
Is 1963 a multiple of 13?
True
Is 6 a factor of 853?
False
Is 3 a factor of 4114?
False
Does 77 divide 1336?
False
Is 406 a factor of 11774?
True
Is 36786 a multiple of 83?
False
Does 452 divide 63732?
True
Does 18 divide 4018?
False
Is 13 a factor of 1390?
False
Is 55991 a multiple of 58?
False
Is 3 a factor of 6696?
True
Is 20 a factor of 8089?
False
Is 970 a multiple of 30?
False
Does 144 divide 20304?
True
Does 30 divide 11884?
False
Is 17697 a multiple of 267?
False
Is 53 a multiple of 53?
True
Is 1671 a multiple of 38?
False
Is 27 a factor of 444?
False
Does 40 divide 5360?
True
Is 146 a multiple of 51?
False
Is 2980 a multiple of 11?
False
Is 155 a factor of 14341?
False
Does 6 divide 33431?
False
Is 27 a factor of 2081?
False
Does 63 divide 10907?
False
Is 431 a multiple of 13?
False
Is 2298 a multiple of 36?
False
Is 7387 a multiple of 5?
False
Is 18 a factor of 12408?
False
Does 2 divide 1497?
False
Is 3099 a multiple of 5?
False
Does 3 divide 212?
False
Does 25 divide 895?
False
Is 229 a multiple of 24?
False
Does 197 divide 17139?
True
Is 28 a factor of 354?
False
Does 37 divide 2294?
True
Is 23 a factor of 6246?
False
Does 55 divide 39641?
False
Is 532 a multiple of 38?
True
Is 15930 a multiple of 18?
True
Is 12 a factor of 33192?
True
Is 132 a multiple of 66?
True
Is 12 a factor of 22571?
False
Is 45 a factor of 28665?
True
Is 64 a multiple of 4?
True
Is 19810 a multiple of 51?
False
Does 23 divide 115?
True
Is 840 a multiple of 10?
True
Does 7 divide 175?
True
Is 248 a factor of 14632?
True
Is 39 a factor of 38581?
False
Is 9 a factor of 2256?
False
Does 14 divide 770?
True
Is 12 a factor of 631?
False
Is 10 a factor of 1034?
False
Does 38 divide 684?
True
Is 1156 a multiple of 25?
False
Does 12 divide 46740?
True
Does 5 divide 2490?
True
Is 15 a factor of 525?
True
Is 21560 a multiple of 8?
True
Is 3081 a multiple of 56?
False
Does 135 divide 1755?
True
Does 123 divide 22017?
True
Is 7 a factor of 616?
True
Is 9 a factor of 136?
False
Is 54535 a multiple of 92?
False
Does 5 divide 2927?
False
Does 4 divide 7900?
True
Does 78 divide 5681?
False
Is 191 a factor of 3001?
False
Is 1396 a multiple of 93?
False
Does 15 divide 3066?
False
Is 15 a factor of 21468?
False
Is 35 a factor of 23870?
True
Is 253 a factor of 29382?
False
Is 32 a factor of 4504?
False
Is 36 a factor of 3708?
True
Is 29 a factor of 449?
False
Is 14 a factor of 490?
True
Does 34 divide 7684?
True
Is 1278 a multiple of 18?
True
Is 161 a factor of 13516?
False
Is 30 a factor of 1740?
True
Is 21 a factor of 997?
False
Does 58 divide 25056?
True
Does 11 divide 72039